) = -6*c**3 - c**2 + c + 1. Let r be q(-1). Let i(o) be the third derivative of o**6/120 - o**5/10 + o**4/4 + o**3/3 - 67*o**2. Determine i(r).
7
Let a(b) be the first derivative of 3*b**2/2 - 3*b - 2. Let l be a(3). Let w = 2 - l. Let u(z) = -z + 1. What is u(w)?
5
Let g(a) = -2 - 2*a + 7 - 6. Let q be 3 - (3 + 24/(-4)). Suppose -q*t - 13 - 5 = 0. Determine g(t).
5
Let m(k) be the first derivative of -k**4/4 - k**2/2 - k - 351. Give m(-1).
1
Let x(k) = -k**2 - 3*k + 3. Let d(b) = -b**2 - 48*b - 27. Let v(m) = d(m) + 3*x(m). Calculate v(-14).
-4
Let n(q) = q**3 + 7*q**2 + q + 7. Let d = 8 + -12. Let y = d - -32. Suppose 7*l + y = 3*l. Calculate n(l).
0
Let q(x) = -x. Let h(f) be the second derivative of 5*f**3/2 - f. Let o(y) = -h(y) - 12*q(y). Let s be 6 + -3 + 1 + -6. Determine o(s).
6
Suppose s + 23 - 19 = 0. Let i(x) be the first derivative of x**3/3 + 5*x**2/2 + x + 1. Calculate i(s).
-3
Let m(n) = n**2 - 3*n + 2. Suppose 8*a = 3*a + 15. Let y = 0 + a. Suppose -y*p + 6*p - 12 = 0. Determine m(p).
6
Let w(a) = 2*a**2 - a - 6. Suppose 17 = -14*k - 11. Calculate w(k).
4
Suppose -f = -5*f + 20. Let p(w) = 2*w + 7 - 2 - f*w. Let k be p(2). Let a(j) = j**2 - 1. What is a(k)?
0
Let a(d) = -13*d**2 - 9*d - 14. Let j(x) = 3*x**2 + 2*x + 3. Let q(i) = 2*a(i) + 9*j(i). Suppose 0*f - f = 4. What is q(f)?
15
Let r(z) be the second derivative of z**5/60 - z**4/4 - 7*z**3/6 + 35*z**2/2 - 31*z. Let a(c) be the first derivative of r(c). Give a(8).
9
Let i(c) be the second derivative of 9*c + 0 - 7/2*c**2 + 1/2*c**3 + 1/12*c**4. Determine i(-5).
3
Let f(c) be the second derivative of c**4/12 + c**3/6 - 9*c**2/2 + 5*c + 8. Give f(-8).
47
Let k(f) = -4*f + 64. Let w be k(15). Let z(m) = -m**2 + 4*m - 9. Determine z(w).
-9
Let f be (-60)/140*(-35)/15. Let l(h) = -h - 2. What is l(f)?
-3
Let d(b) = -19*b + 52*b - 30*b + 1 + 2*b**2. Determine d(-2).
3
Let m be (-176)/(-18) - (-2)/9. Suppose m = 7*j - 11. Let n(b) = b**2 - 7*b + 2. Calculate n(j).
-10
Let k(r) be the first derivative of -r**4/4 + 4*r**3/3 + 2*r**2 + r - 37. Determine k(5).
-4
Let h(o) be the third derivative of o**5/60 - o**4/12 + o**3/2 + 6*o**2. Suppose 77 + 23 = 2*s - 3*x, -4*x + 72 = s. Suppose -15 = 51*g - s*g. Calculate h(g).
6
Let j(f) = f**3 - f**2 + 5. Let q(w) = -w. Let p be q(0). Suppose 5*x - 5 = -p*x. Let b = x - 1. Calculate j(b).
5
Let u(h) = -1 + 21*h - 5*h - 4*h. What is u(-1)?
-13
Suppose 4*f = f - 12. Suppose 18 = -7*h + 10*h. Let j(m) = 3*m**2 + 3*m**2 - 3*m - m**2 + m**3 - 2*m**2 - h. Give j(f).
-10
Suppose -3*r = j, 22*j + 3*r = 23*j - 12. Let v(m) = -1. Let y(l) = l - 10. Let i(c) = 4*v(c) - y(c). Give i(j).
0
Let d(w) be the second derivative of 3*w**5/4 - w**4/6 - w**3/3 - w**2/2 - 21*w. Calculate d(-1).
-16
Let p(u) = 10*u - 41. Let d be p(4). Let k(f) = f - 2. Give k(d).
-3
Let y(u) be the first derivative of u**2/2 - 35*u + 617. Give y(0).
-35
Let f(x) = -x**3 - 4*x**2 + 7*x - 3. Let k(t) = 3*t**3 + 13*t**2 - 21*t + 8. Let c(i) = -8*f(i) - 3*k(i). Calculate c(-8).
8
Let a(z) = -11*z + 12. Let n(x) = 5 - 5*x - 1 + 2. Let c(l) = 6*a(l) - 13*n(l). Let o be 3/2 + (-9)/2. Calculate c(o).
-3
Let x be 6/(-9) + 114/9. Let s be ((-1)/2)/((-2)/x). Let l(v) = 4*v**s + 3 - 3*v**3 + 5*v**2 - 2*v**3. What is l(5)?
3
Let d = 319/156 + -51/26. Let j(t) be the third derivative of d*t**4 - 1/6*t**3 + 0*t + 8*t**2 + 1/20*t**5 + 0. Calculate j(1).
4
Let i(p) = 11*p**3 - p**2 + 2*p - 1. Let v be (-288)/(-11) - 28/154. Let m = v + -25. What is i(m)?
11
Let r(a) = -4*a - 5 + 0 + 4. Let s be 7/(-2 + (-78)/(-42)). Let g = -48 - s. Determine r(g).
-5
Let f be (1 - 5/10)/(-1)*0. Let t(c) = c**3 - c**2 - c + 18. Calculate t(f).
18
Suppose -10*l + 12 = -13*l. Let z(n) = -5*n - 14. Give z(l).
6
Suppose 2*l + 9 = -1. Let s = 1 - l. Let k(c) = -79784*c - 1 + 4 + 79783*c. Determine k(s).
-3
Let g(q) = q**3 + 5*q**2 - 2. Let v(d) = -d**2 + 3*d - 1. Suppose 5*f + 5 = 0, 3*y - 3*f + 3 = 2*y. Let c be 4/y*-3 - -2. Let t be v(c). What is g(t)?
-2
Let j(v) = 3*v + 3*v + v. Suppose 4*k - 36 = 4*q, -4*k + k - 4*q = -48. Suppose -4*d + 11 = t, -2*t - t = -3*d + k. Calculate j(t).
-7
Let c(y) be the third derivative of 1/6*y**3 + 31*y**2 - 1/60*y**5 - 1/120*y**6 + 0*y + 0*y**4 + 0. Give c(-2).
5
Let d(f) = f**3 + 16*f**2 + 27*f - 11. Let h be d(-14). Let q(r) be the second derivative of 1/20*r**5 + 0*r**4 + 0 - h*r + 2*r**2 - 1/6*r**3. Calculate q(0).
4
Let r(n) be the second derivative of -n**6/720 - n**5/24 - n**4/3 + 8*n. Let o(y) be the third derivative of r(y). Give o(0).
-5
Let p(s) = -s**3 - 2*s**2 + 4*s + 2. Let n = 31 + -44. Let u = 13 + n. Suppose -5*a + 8*a + 9 = u. Determine p(a).
-1
Suppose t - 13 = -5*g - 4, -4*g - 8 = 0. Suppose -t = -5*w + 3*k, 4*w + k - 28 = -6. Let v(f) = -f**2 + 3*f + 3. Determine v(w).
-7
Let a = 33 + -12. Suppose -3 = -2*i - y, -i - i + 5*y + a = 0. Let t(p) = -p**2 + 4 - 5 + 8 + i*p - 1. Determine t(5).
-4
Let w(m) be the second derivative of m**4/12 + m**3 + 9*m**2/2 + 41*m. Calculate w(-6).
9
Let c(l) be the second derivative of -l**4/12 + l**2/2 + 27*l. Determine c(-2).
-3
Let o(j) = -2*j - 6. Let a(p) = -4*p - 12. Let v(r) = 4*a(r) - 7*o(r). Let q be (-12)/(-6)*(-3)/(-2). Suppose y - q*y = 12. Calculate v(y).
6
Let t(y) = 9*y**2 + 6*y - 17. Let w(j) = j + 0*j + 9 - 5*j**2 + 0*j - 4*j. Let g(m) = 6*t(m) + 11*w(m). Suppose 0 = f + 2 - 4. Calculate g(f).
-1
Let u(y) = y**2 + 8*y + 4. Let r be u(-7). Let m(p) = 2*p**3 + 4*p**2 + 4*p + 4. Determine m(r).
-26
Let o(d) = 17*d - 3. Let b be 30 + 0 + -3 - 2. Let n(s) = 4 + 3 + b*s - 7 - 4. Let g(v) = -5*n(v) + 7*o(v). Calculate g(-1).
5
Suppose -2*p + 18 = -2*b, 14*b - 12*b + p = -18. Let x(s) = -2*s + 4. Determine x(b).
22
Let l(r) = r - 29. Let w be ((2 - 2)*(-3)/(-6))/(-3). Determine l(w).
-29
Let n(d) be the third derivative of -d**5/10 + d**4/12 - d**3/3 + 10*d**2. Let u be n(1). Let s(v) = -v**2 - 5*v + 3. Calculate s(u).
-3
Let l(d) = 1. Let h(g) = 2*g**2 + 2*g + 6. Suppose -1 = -p - 10. Let f = p - -8. Let k(i) = f*h(i) + 6*l(i). Give k(-2).
-4
Let s(t) = -12*t + 21. Let i(k) = -17*k + 29. Let c(b) = -5*i(b) + 7*s(b). Give c(6).
8
Suppose -3*k - 414 = -120. Let j be (-42)/k - 36/(-14). Let l(h) = 3 - j + 1 + h. What is l(2)?
3
Let j(u) = 2*u**2 - 6*u - 6. Let s(i) = i**2 + 2*i + 5. Let m be s(-4). Let y(n) = 2*n - 21. Let z be y(m). Give j(z).
14
Let w(f) = -7*f**3 + 13*f**2 - 6*f + 10. Let x(d) = -5*d**3 + 12*d**2 - 4*d + 9. Let u(b) = -2*w(b) + 3*x(b). What is u(10)?
7
Let g(x) = -x**2 + 20*x - 54. Let n be g(17). Let f(c) = -2*c**3 - 6*c**2 + c + 5. Give f(n).
2
Let b(g) = -g - 5. Let s be -3 + (14/2 - 4) - -3. Determine b(s).
-8
Suppose 3*j - 2 = j. Let g be 0 + ((-6)/j)/(-3). Let b(z) = 4*z - 7 + g + 2 - 2*z. Determine b(5).
7
Suppose -13*m + 58 + 72 = 0. Let r(s) be the second derivative of s**4/12 - 3*s**3/2 - 11*s**2/2 - 2*s. Calculate r(m).
-1
Let y(a) be the first derivative of 1/3*a**3 - 7*a + 8 - 3/2*a**2. What is y(6)?
11
Let u(v) = v - 2. Suppose 2*y = -5 - 5. Determine u(y).
-7
Let r(a) be the third derivative of a**6/120 - 2*a**5/15 - 11*a**4/24 + a**3 - 14*a**2 - 2. Determine r(9).
-12
Let j be (-13392)/1656 - (-1 - (-63)/69). Let h(s) be the third derivative of s**5/60 + 5*s**4/12 + 2*s**3 - s**2. Determine h(j).
-4
Let g(r) = 3*r**2 - r**3 - r + 0 + 0 + 3. Suppose 5*l = -87 - 23. Let k = l + 25. Give g(k).
0
Let g be (-4 + 42/6)/((-9)/(-6)). Let k(m) = -4*m**3 + 4*m - 2. Give k(g).
-26
Let k(t) = -t**3 + 2*t**2 + t + 2. Suppose 5*h = i + 32, 9 - 1 = -4*i. Let j be (-4)/(-22) + (-105)/33. Let r = j + h. Determine k(r).
-4
Let c(b) = b**3 - b**2 - 5*b + 4. Let m(o) = 10*o**2 - o - 1. Let i be m(-1). Let t be (i/5)/((-2)/(-10)). Suppose 7*p + 9 = t*p. What is c(p)?
7
Let s(p) = -3*p + 3. Let u be ((-8)/(-6) + 2)*9. Let z be u/(-9)*6/5. Determine s(z).
15
Let w(k) be the second derivative of -2*k**5/5 - k**4/6 + k**2/2 - 66*k. Give w(-1).
7
Let q(s) = -s - 5 + 0 + 7 + s**2. Let d = 13 - 11. What is q(d)?
4
Suppose -9 = -5*o + 3*y - 59, y = -3*o - 30. Let z(q) = q**2 + 9*q + 8. Determine z(o).
18
Let a(p) = -29 + p**2 + 5*p + p - 25 + 49. Give a(-6).
-5
Let w(h) = h**3 - 7*h**2 + 3*h + 8. Suppose -2*n = -4*k + n + 21, -n = 5*k - 31. Give w(k).
-10
Let l be (-10)/(-4) - (-7)/(-14). Suppose x + 0 - l =